
Suppose -y = -2*y, 4*l + 5*y = 36. Suppose l + 1 = 5*u. Let x(f) = 10*f**3 - 2*f**2 - f - 2. Let k be x(u). What is the highest common factor of k and 17?
17
Suppose 3*i + i - 24 = 0. What is the greatest common factor of i and 21?
3
Suppose 169*z = 164*z + 400. What is the highest common divisor of z and 5?
5
Suppose -3*j + 13 = 1. Suppose -2*r - 3*r + 16 = 2*q, 0 = 2*r - j. Let o be q/2*(-52)/(-3). Calculate the highest common factor of o and 286.
26
Let x be 6 + (3 - 5 - -10). Let w = -2 - -3. Let b be w/(((-2)/28)/(-1)). Calculate the highest common divisor of x and b.
14
Let z(g) = g - 3. Let v be z(5). Let b(o) = -260*o - 2832. Let a be b(-11). What is the highest common divisor of v and a?
2
Suppose -3*m = -4*m + 5. Suppose -m*g = -25, -3*u + 0*u = -5*g - 275. Calculate the greatest common factor of u and 25.
25
Let s(z) = -11*z - 33. Let f be s(-3). Let m(t) = 17 + 107 - 25 + t**2. Let y be m(f). Calculate the highest common divisor of 9 and y.
9
Let p be -3 + -1 + (-9 + -283)/(-4). Calculate the highest common divisor of 69 and p.
69
Let n = -9 - -24. Let c = 19 - n. Suppose -t + 2*t = -4*r + 108, -c*t + 2*r = -396. What is the highest common factor of 40 and t?
20
Suppose z - a = 0, 0*z + 4*a - 1 = 3*z. Let y be 1 - (-1 + z + -17). What is the greatest common divisor of 27 and y?
9
Suppose -71 = -4*d - 23. Suppose -2*g - a = -13, -2*g - a - a + 10 = 0. What is the greatest common divisor of g and d?
4
Let n be 12 - (40/70 - (-76)/14). What is the highest common divisor of 6 and n?
6
Let y = 335 + -219. Suppose y + 5 = 11*n. What is the highest common divisor of n and 55?
11
Suppose -2*l - 2 = -5*l - 4*p, -5*l = p - 26. Let m(f) = -f**3 + 10*f**2 + 12*f + 1. Let x be m(11). What is the greatest common factor of l and x?
6
Let g be (-3 + -1)/((-14)/(-21)). Let z = 27 + g. Suppose 4*u = 5*t - 0*t - z, -u = 4. Calculate the greatest common factor of t and 5.
1
Suppose 5*d - 28 = 17. Suppose 0 = -37*j + 12*j + 275. Let n = j - d. What is the greatest common factor of n and 6?
2
Let f = -1024 - -1031. Calculate the greatest common factor of f and 448.
7
Suppose 32 = 5*d + 3*h, -h = -18*d + 17*d. Suppose 23 = a + a - 3*s, 0 = 2*s + 10. What is the highest common divisor of a and d?
4
Suppose -1255 - 1241 = -26*u. Calculate the greatest common factor of 216 and u.
24
Suppose 5*a = 5*p + 150, -7*a + 12*a - 3*p = 142. What is the greatest common divisor of 806 and a?
26
Let w(m) = 6*m**2 - 27*m - 6. Let h be w(5). Calculate the greatest common divisor of h and 48.
3
Suppose -t - 4*y = 4*t - 53, -4*y + 27 = 3*t. Suppose 0 = -6*x + 2362 - 1738. What is the highest common divisor of t and x?
13
Let b(h) be the first derivative of 7*h**2/2 - h + 2. Let v be b(8). Suppose -23*q = 25*q - 240. What is the highest common divisor of q and v?
5
Let k = -1 - -47. Let x = k - 36. What is the greatest common factor of x and 110?
10
Let p(q) = -21*q - 9. Let f be p(-1). Let r(h) = h + 60. Let a be r(0). Calculate the highest common factor of f and a.
12
Suppose -5*j - 2*h + 264 = -4*h, -111 = -2*j - h. What is the highest common divisor of j and 558?
18
Let m = -23 - -38. Let f(j) = -j + 4. Let z be f(-9). Let u = -7 + z. What is the greatest common factor of m and u?
3
Let k = 140 + -33. Suppose 3*j - k = 1. What is the greatest common factor of j and 12?
12
Let f = -534 + 582. What is the greatest common factor of 30 and f?
6
Suppose -l - 10 = l, -2*l - 305 = -h. What is the greatest common factor of h and 59?
59
Suppose -2*r = -h + 141, -2*r - 138 = -h - r. Calculate the greatest common factor of h and 30.
15
Suppose -4*y + 3696 = 5*c, -8*c + 5*c - 2*y = -2218. Calculate the greatest common factor of c and 20.
20
Let k = 2 + -2. Suppose 4 = 4*u - k*u. Let p = -126 - -127. Calculate the highest common divisor of u and p.
1
Let h(r) = 3*r + 79. Let a be h(-21). What is the greatest common divisor of a and 24?
8
Let r be (13/(-26))/(1/(-1))*86. What is the highest common factor of 688 and r?
43
Suppose 114 = 4*b - 50. Suppose 44*s - 90 = b*s. What is the highest common divisor of 270 and s?
30
Let a be 24/42 - ((-6875)/35 - -1). What is the highest common divisor of a and 7?
7
Suppose p = 3*p + 4*d - 122, -3*p + 158 = d. What is the highest common factor of p and 663?
51
Let w(q) = q**2 - 10*q + 25. Let m be w(20). Calculate the highest common factor of 18 and m.
9
Suppose 12 = -3*f - 0. Let h be (-2 + 0)/(2/f). Suppose h*w - 194 = 46. What is the highest common divisor of 150 and w?
30
Suppose -84 = -j - 2*j. Suppose 3*g - 160 = -5*v, j = -3*v + 3*g + 100. What is the highest common divisor of 319 and v?
29
Suppose -5*s + 61 = 61. Suppose -5*o = -5*f - 60, 4*o + s*f = -5*f + 12. What is the greatest common factor of o and 2?
2
Let c(o) = -2*o**2 - o + 4. Let g be ((-32)/40)/(4/10). Let y be c(g). Let m = y + 13. What is the highest common factor of 1 and m?
1
Let i = 452 + -408. What is the greatest common divisor of i and 286?
22
Let s(m) = -3*m**3 + 10*m + 3*m + 4*m**2 - 4 - 12*m. Let a be s(-3). Let q be 12/(-30) - (-52)/5. Calculate the greatest common divisor of q and a.
10
Let x(z) = z**2 + 8*z - 17. Let q be x(5). Calculate the greatest common factor of q and 18.
6
Suppose -7*q = -9*q + 160. Suppose 5*w = w + q. Calculate the greatest common factor of 100 and w.
20
Suppose -3*k - 80 = -7*k. Suppose k = 13*f - 8*f. Suppose 3*s - 49 = -o, 4*o + f*s + s = 175. What is the highest common divisor of o and 10?
10
Suppose 0 = 2*i - 208 + 30. Let p = i + -84. What is the highest common divisor of 35 and p?
5
Let y(m) = m**3 - 8*m**2 + 9. Let q be y(8). Let n = q + -4. Suppose 0*r - 465 = -31*r. Calculate the highest common factor of r and n.
5
Suppose 41*w - 65205 = -74*w. Calculate the highest common divisor of 63 and w.
63
Suppose -2*v + 20 - 150 = -5*n, 0 = -3*n - 3*v + 99. Calculate the highest common factor of n and 252.
28
Let p(v) = v**2 - 5. Let j be p(-5). Let u(l) = -l**2 - 9*l + 10. Let a be u(-9). What is the highest common divisor of j and a?
10
Suppose 4*y = -4*o + 24, 2 - 14 = -3*o. Let s = y + 12. Let b(t) = 100*t + 2170. Let c be b(-21). What is the highest common divisor of s and c?
14
Let d = 0 - 4. Let i be (1/1)/(d/(-36)). Let r(o) = -o**2 - 3*o + 163. Let k be r(-14). What is the highest common factor of k and i?
9
Suppose -7*i = -2*i - 1295. Calculate the highest common divisor of i and 28.
7
Let s = -26 + 38. Let m be (-172)/(-14) - 0 - (-108)/(-378). What is the highest common factor of m and s?
12
Suppose 0*t - 128 = -8*t. Suppose 55 = t*z - 121. What is the highest common divisor of 99 and z?
11
Suppose -172*q + 167*q = -40. Let b be (2/4)/(4/16). Suppose -2*l - b*l + 80 = 0. What is the greatest common divisor of l and q?
4
Let z = 1416 - 1218. Calculate the highest common factor of z and 36.
18
Let t = -528 - -619. Let i = 9 + 4. What is the greatest common factor of t and i?
13
Let r(z) = 2*z**3 + z**2 - 4*z - 1. Suppose 0*n + 4*n = 12. Let y be r(n). What is the greatest common factor of 125 and y?
25
Let p(h) = h**2 - 4*h - 11. Suppose 0 = -c, 0 = d + c + 2*c - 6. Let r be p(d). What is the greatest common divisor of r and 3?
1
Suppose 3831 + 4765 = 14*q. Let n = q + -404. Calculate the greatest common factor of n and 42.
42
Let b = 1046 + -1040. What is the highest common factor of 39 and b?
3
Let d(c) = -9*c**3 - 4*c**2 - 6*c - 5. Let k be d(-3). Let z = 106 + -51. Let l be z/(-2)*(-24)/30. Calculate the highest common divisor of k and l.
22
Suppose -2*a = -5*o + 3253, -5*o + a = -203 - 3051. Suppose -3*g = -o + 147. Suppose -4*l + g = -0*l. What is the greatest common factor of l and 6?
6
Suppose -9*l + 3117 + 1356 = 0. What is the highest common factor of l and 71?
71
Suppose 19*p - 2131 - 2315 = 0. What is the highest common factor of 27 and p?
9
Suppose 5*d + 2*o = 641, -3*o = -o + 4. Let v = -73 + d. Calculate the greatest common factor of v and 14.
14
Let d(k) = -k**3 + 13 - 3 + 5*k**2 - 5*k + 7. Let l be d(4). What is the highest common divisor of 39 and l?
13
Let i be (-1)/7 - 225/(-105). Suppose 0 = 2*x + 3*p - 315, i*x + 4*p - 640 = -2*x. What is the greatest common factor of x and 15?
15
Let h(t) = -15*t + 162. Let i be h(10). Suppose -d + 1 + 4 = p, 7 = -d + 5*p. What is the greatest common factor of i and